{"id":278,"date":"2022-08-11T11:41:23","date_gmt":"2022-08-11T14:41:23","guid":{"rendered":"https:\/\/pedidos.aguasirte.com\/?post_type=product&#038;p=278"},"modified":"2022-10-12T09:24:59","modified_gmt":"2022-10-12T12:24:59","slug":"refresco-pomelo-light-1l","status":"publish","type":"product","link":"https:\/\/pedidos.aguasirte.com\/index.php\/product\/refresco-pomelo-light-1l\/","title":{"rendered":"Refresco Pomelo light 1L"},"content":{"rendered":"<p class=\"p1\">Env\u00edo m\u00ednimo: 6 botellas de 1L combinando sabores.<\/p>\n<p>Precio unitario: $ 54<\/p>\n<p>No incluye costo de envase botella de vidrio:\u00a0 $10 IVA INC<\/p>\n<p>Se cobrar\u00e1n los envases en la primera compra y tendr\u00e1n un costo de se\u00f1a por \u00fanica vez\u00a0 en la primera entrega, dichos importes ser\u00e1n reintegrables al cliente en caso de devoluci\u00f3n de los mismos.<\/p>\n<p>Casillero de pl\u00e1stico: $ 80 IVA inc.<\/p>\n","protected":false},"excerpt":{"rendered":"<p class=\"p1\"><strong>Env\u00edo m\u00ednimo:<\/strong> 6 botellas de 1L combinando sabores.<\/p>\n<p>No incluye costo de envase.<\/p>\n","protected":false},"featured_media":290,"template":"","meta":{"spay_email":""},"product_cat":[69,17],"product_tag":[21],"_links":{"self":[{"href":"https:\/\/pedidos.aguasirte.com\/index.php\/wp-json\/wp\/v2\/product\/278"}],"collection":[{"href":"https:\/\/pedidos.aguasirte.com\/index.php\/wp-json\/wp\/v2\/product"}],"about":[{"href":"https:\/\/pedidos.aguasirte.com\/index.php\/wp-json\/wp\/v2\/types\/product"}],"wp:featuredmedia":[{"embeddable":true,"href":"https:\/\/pedidos.aguasirte.com\/index.php\/wp-json\/wp\/v2\/media\/290"}],"wp:attachment":[{"href":"https:\/\/pedidos.aguasirte.com\/index.php\/wp-json\/wp\/v2\/media?parent=278"}],"wp:term":[{"taxonomy":"product_cat","embeddable":true,"href":"https:\/\/pedidos.aguasirte.com\/index.php\/wp-json\/wp\/v2\/product_cat?post=278"},{"taxonomy":"product_tag","embeddable":true,"href":"https:\/\/pedidos.aguasirte.com\/index.php\/wp-json\/wp\/v2\/product_tag?post=278"}],"curies":[{"name":"wp","href":"https:\/\/api.w.org\/{rel}","templated":true}]}}