{"id":271,"date":"2022-08-11T11:41:21","date_gmt":"2022-08-11T14:41:21","guid":{"rendered":"https:\/\/pedidos.aguasirte.com\/?post_type=product&#038;p=271"},"modified":"2022-10-12T08:57:20","modified_gmt":"2022-10-12T11:57:20","slug":"agua-con-gas-1l-2","status":"publish","type":"product","link":"https:\/\/pedidos.aguasirte.com\/index.php\/product\/agua-con-gas-1l-2\/","title":{"rendered":"Agua con gas &#8211; 1L"},"content":{"rendered":"<p><strong>Env\u00edo m\u00ednimo: <\/strong>6 botellas de 1L<\/p>\n<p><strong>Precio para Interior<\/strong>: $33,50 el litro.<\/p>\n<p><strong>Envases:<\/strong> Se cobrar\u00e1n los envases en la primera compra y tendr\u00e1n un costo de se\u00f1a por \u00fanica vez, dichos importes ser\u00e1n reintegrables al cliente en caso de devoluci\u00f3n de los mismos.<\/p>\n<p>Botella de vidrio:\u00a0 $ 10 IVA inc.<\/p>\n<p>Casillero de pl\u00e1stico: $ 80 IVA inc.<\/p>\n","protected":false},"excerpt":{"rendered":"<p><strong>Precio litro:<\/strong> $ 32,50<\/p>\n<p><strong>Env\u00edo m\u00ednimo:<\/strong> 6 botellas de 1L<\/p>\n<p>No incluye costo de envase.<\/p>\n","protected":false},"featured_media":283,"template":"","meta":{"spay_email":""},"product_cat":[16,69],"product_tag":[21],"_links":{"self":[{"href":"https:\/\/pedidos.aguasirte.com\/index.php\/wp-json\/wp\/v2\/product\/271"}],"collection":[{"href":"https:\/\/pedidos.aguasirte.com\/index.php\/wp-json\/wp\/v2\/product"}],"about":[{"href":"https:\/\/pedidos.aguasirte.com\/index.php\/wp-json\/wp\/v2\/types\/product"}],"wp:featuredmedia":[{"embeddable":true,"href":"https:\/\/pedidos.aguasirte.com\/index.php\/wp-json\/wp\/v2\/media\/283"}],"wp:attachment":[{"href":"https:\/\/pedidos.aguasirte.com\/index.php\/wp-json\/wp\/v2\/media?parent=271"}],"wp:term":[{"taxonomy":"product_cat","embeddable":true,"href":"https:\/\/pedidos.aguasirte.com\/index.php\/wp-json\/wp\/v2\/product_cat?post=271"},{"taxonomy":"product_tag","embeddable":true,"href":"https:\/\/pedidos.aguasirte.com\/index.php\/wp-json\/wp\/v2\/product_tag?post=271"}],"curies":[{"name":"wp","href":"https:\/\/api.w.org\/{rel}","templated":true}]}}